ose -3*r + 88 = -t + q*t, -20 = 5*r. Suppose -t*c + 5*c = -1215. List the prime factors of c.
3
Let d(r) = -r**3 - 20*r**2 - 31*r - 727. List the prime factors of d(-28).
11, 53
Let r = 9588 + -4126. What are the prime factors of r?
2, 2731
Let r = -757 - -1885. Let u = 1701 - r. What are the prime factors of u?
3, 191
Suppose 60*b + 18695 = 5*x + 63*b, 4*b - 11206 = -3*x. What are the prime factors of x?
2, 1871
Suppose 6*u - 126 - 180 = 0. Let x be (u/(-15) + 3)*-30. List the prime factors of (-4487)/(-28) - (-9)/x.
7, 23
Suppose -2158569 = -190*i + i. List the prime factors of i.
3, 47
What are the prime factors of (826/(-6))/((-4)/14 + (-269)/(-966))?
2, 7, 23, 59
Let j(b) = 208*b - 202. Let h be j(9). Suppose 5*d + 5*a = h, 3*a - 8*a = -4*d + 1336. What are the prime factors of d?
2, 167
Let d = 280 - 282. Let g(s) = -27*s**3 + s**2 + 41*s + 9. Let c(t) = -9*t**3 + 14*t + 3. Let l(r) = -17*c(r) + 6*g(r). List the prime factors of l(d).
83
Let q = 66 + -64. Suppose -2*m - q*l = -898, -4*m + 0*m - 5*l = -1794. What are the prime factors of m?
11, 41
Let c(p) = 387*p**2 - 30*p - 31. List the prime factors of c(5).
2, 47, 101
Let y = 55512 + -10983. What are the prime factors of y?
3, 14843
Suppose 18*a - 1439 - 2593 = 0. Let j = 503 - a. List the prime factors of j.
3, 31
Let r = -54 - -10. Let h = -50 - r. List the prime factors of 28/12 - 4/h.
3
List the prime factors of ((-174)/3)/((-33)/7293).
2, 13, 17, 29
Let d(a) = -a**2 + 3*a + 12. Let h(p) be the first derivative of 2*p**3 - 8*p**2 - 60*p - 11. Let s(g) = 11*d(g) + 2*h(g). List the prime factors of s(-6).
2, 3, 7
Let y(q) = -q**3 - 104*q**2 - 17*q + 1992. List the prime factors of y(-105).
2, 3, 2467
Suppose 51084 = 6*d - 2*y - 1230, 9 = -3*y. List the prime factors of d.
2, 3, 1453
List the prime factors of (-4 - 2 - -11)*((-37461)/5)/(-1).
3, 12487
Let d be (23 - 5)*6/(-18). What are the prime factors of d + 597 + 1/1?
2, 37
Let p(f) = f**2 - 261*f - 789. Let k be p(-3). Let b(g) = 43*g - 22. Let s(i) = -64*i + 33. Let o(x) = -7*b(x) - 5*s(x). List the prime factors of o(k).
2, 23
Let n = 90 - 89. List the prime factors of 318 + 11 + 5/n.
2, 167
Suppose 2*o + 135 = -3*o. Let g = o + 29. Suppose 0 = g*k - 2*f - 178, 2*k - 5*f - 106 - 66 = 0. List the prime factors of k.
7, 13
What are the prime factors of ((-3301113)/(-7445))/((-142)/(-140) - 1)?
2, 3, 7, 739
Suppose 150*p - 146*p - 10528 = 0. Suppose p = q + 6*q. List the prime factors of q.
2, 47
Suppose -2*x + 676 = -2*l, 0 = 3*x - 6*x + 4*l + 1009. Suppose -x - 89 = -4*k. Let j = 196 - k. List the prime factors of j.
2, 11
Suppose -6*w = 10*w - 32. Let y be 1 + 192/(7 - 3). Suppose -y = w*z - 2*c - 303, 0 = c - 5. What are the prime factors of z?
2, 3, 11
Let z = 14 + -10. Let x be (-1)/(-5) - 38*z/(-40). What are the prime factors of ((-516)/5)/(x/(-10))?
2, 3, 43
Let k(v) = 36*v**2 - 118*v + 38. What are the prime factors of k(14)?
2, 3, 907
Let f(g) = 2*g**2 + 13*g + 20. Let w be f(-4). Suppose -4*r - 3*s = -3478, w = -5*r + s - 3*s + 4351. What are the prime factors of r?
13, 67
Suppose 47130 + 255 = 2*u + 7695. List the prime factors of u.
3, 5, 7
Let k = 34072 - 22780. List the prime factors of k.
2, 3, 941
Suppose -101*c + 78568 = 60*c. List the prime factors of c.
2, 61
Suppose k - 15*f = -14*f + 5, 4*k = 3*f + 15. Suppose 2515 = -k*n + 3*n - 2*g, -n + 834 = -5*g. What are the prime factors of n?
839
Let y(r) = 91*r**2 - 2*r + 1. Let x be y(2). Let j = -733 + x. Let d = -261 - j. List the prime factors of d.
3, 37
Let q = -1 - -6. Suppose -2*a - q = -w, a + 1 - 3 = -4*w. What are the prime factors of (20 - (1 - -4)) + a + 1?
2, 7
Let y(m) = 8*m**2 + 16*m - 20. Let n(s) = 3*s**2 + 8*s - 10. Let o(k) = -5*n(k) + 3*y(k). List the prime factors of o(8).
2, 3, 5, 7
Suppose 4 = 4*t - 8. Let c be 0/t + -5 + 256. Let n = c + -179. List the prime factors of n.
2, 3
Suppose 0 = -15*p + 5*p + 100. List the prime factors of 8328/p + 4/20.
7, 17
Let n(b) = 20*b**2 + 3*b - 3. Let v be n(3). Suppose 50 = -7*j + 274. Let f = v - j. List the prime factors of f.
2, 7, 11
Suppose 135*s = 140*s - 84360. List the prime factors of s.
2, 3, 19, 37
Suppose 0 = -3*p - j + 1894 - 328, 4*p - 2104 = 4*j. Let r = p + -266. List the prime factors of r.
257
Let r(y) = 5*y**2 + 71*y + 22. Let p be r(-14). List the prime factors of ((-20576)/(-60))/p - 6/(-45).
43
Let g be (-2)/((2 + -1)/26). Let k = 56 + g. Suppose k*m + 5*h = 840, -5*m - 6*h + 7*h = -1021. List the prime factors of m.
5, 41
Suppose 2*v - 35 - 14 = -f, 3*f = -5*v + 125. Suppose 0 = u - g - 4 - 5, 3*u - 2*g = v. Suppose -u*j + 155 = -237. What are the prime factors of j?
2, 7
Suppose 3 + 15 = 6*o. Suppose 2*x + 2*g - 120 = 0, 0 = 3*x + 2*x - o*g - 316. List the prime factors of (4 - 1)/(-1 - (-64)/x).
3, 31
Let q(j) = j**3 - 5*j**2 + 5*j - 9. Let u be q(7). Let m = -33 + u. What are the prime factors of m?
7, 13
Let a(i) = -110*i + 125. Let s(g) = -20 - 5 + 7 + 22*g - 7. Let p(k) = 2*a(k) + 11*s(k). What are the prime factors of p(11)?
7, 31
Let x = 20501 + -4230. What are the prime factors of x?
53, 307
Let f(s) = 88*s + 32. Let b(x) = 527*x + 193. Let t(a) = 6*b(a) - 34*f(a). What are the prime factors of t(7)?
2, 3, 5, 7
Let l(d) = -d**3 + 2*d + 3. Let o be l(0). Suppose 4*t + i - 893 = -0*t, -3*t = -o*i - 651. What are the prime factors of t?
2, 3, 37
Let f(h) = -h**3 + 34*h**2 + 70*h + 202. What are the prime factors of f(35)?
1427
Suppose 0 = 3*j + 2*j - 20, z + 2*j - 28 = 0. List the prime factors of 12/20 + (-92)/z - -131.
127
Suppose -4*i - 19932 = -3*z, 58*z - 53*z + 2*i - 33246 = 0. List the prime factors of z.
2, 3, 277
Let b be (-1 + 4)/(3/(-76)). Let m = b + 79. List the prime factors of -316*((-28)/8 + m).
2, 79
Suppose -2*v - 95 = -v - 5*n, -n = -5*v - 475. Let o(a) = a**2 - 36*a + 274. Let z be o(37). Let b = v + z. What are the prime factors of b?
2, 3
Suppose 3*s + s = 16. Let u be s + (-1 - 4) - -5. What are the prime factors of 1/4 + 395/u?
3, 11
Let p = 170 + -166. List the prime factors of 1/((-15)/(-2460)*p/11).
11, 41
Let o(w) = -19*w**2 - 10*w + 21. Let y be o(3). Let n = y - -298. What are the prime factors of n?
2, 59
Suppose 20*a - 21*a + 5 = 0. Suppose n = 5, -2*n = a*g - 525 - 685. What are the prime factors of g?
2, 3, 5
List the prime factors of ((-10 - -23) + -111)*-13.
2, 7, 13
List the prime factors of (-97756)/(-6) + (-240)/(-180).
2, 8147
What are the prime factors of 4/10 + (431340/25 - 3)?
13, 1327
Suppose 0 = -103*t - 6*t + 2530730 - 20787. List the prime factors of t.
23027
Let r(s) = -14*s + 128. Let a be r(7). Let g(f) = 2*f**2 - 49*f - 60. List the prime factors of g(a).
2, 3, 5
Suppose -4*s + 5*c = 1163, 298 = -5*s - 2*c - 1131. Let t = 734 + s. What are the prime factors of t?
3, 149
Let g = 10408 + 12091. What are the prime factors of g?
149, 151
Let u(x) = -3*x**3 - 5*x**2 + 10*x + 16. Let o be u(-7). Let f = o - 248. Let k = 699 - f. What are the prime factors of k?
7, 31
Let x be 1/(1324/(-440) + 3). Let c = 350 + x. List the prime factors of c.
2, 3, 5
Let q be (-4 - -7) + 1 - 1. Suppose 8*t + 5*n - 5 = q*t, 4*t = n + 24. Suppose -s + 59 = 3*p - 0*p, -335 = -t*s - 5*p. List the prime factors of s.
71
Suppose -7744 = -11*u + 11369 + 44357. What are the prime factors of u?
2, 5, 577
Let z(g) = 26324*g + 101. What are the prime factors of z(2)?
3, 5861
Let i be (-1705)/4 + (-13)/(-52). Let x = -285 - i. Let g = x + -100. What are the prime factors of g?
41
Suppose -12*z - 17*z = -174. Let r(g) = 7*g**3 + 4*g**2 - 7*g - 3. What are the prime factors of r(z)?
3, 179
Let f(h) = h**2 + 16*h - 2. Let z(s) = -s**2 - 15*s + 1. Let g(x) = -6*f(x) - 7*z(x). Let y be g(-7). List the prime factors of 3*(1 - -1 - (-2 + y)).
3, 13
Let n(p) = p**3 + 13*p**2 - 10*p - 6. Let z be n(-11). Suppose -5*h + 834 = -3*w, h = -h - 5*w + z. Let v = h - -78. What are the prime factors of v?
2, 3, 41
Let z = 370 + 314. Let i = -615 + z. List the prime factors of i.
3, 23
Suppose -74569*t - 266191 = -74598*t. What are the prime factors of t?
67, 137
Suppose 4*t + 24 = 2*w, 2*w = -2*w + t + 20. Suppose -2*r + 0*r - 4*f + 152 = 0, 4*r - 349 = f. Suppose w*q - r = 82. What are the prime factors of q?
2, 3, 7
Let x be 15/35 + (-1011000)/(-56). Suppose -x = -40*j +